mmon factor of 64 and a?
64
Suppose -2*p - 4131 = -b + 5861, 4*b - 2*p - 39944 = 0. Calculate the greatest common divisor of 78 and b.
78
Let v(w) = w**3 - 21*w**2 + 37*w + 31. Let j be v(19). Calculate the highest common factor of j and 1524.
12
Suppose -m = 3*m - 40. Suppose 0 = -c - 2, -87*x - 4*c = -85*x + 4. Suppose 5*d - x*g = 64, 3*g - 8*g = m. Calculate the greatest common factor of 4 and d.
4
Suppose 51*r - 33*r = 5868. Let o = -191 + r. What is the greatest common factor of o and 54?
27
Suppose h + 129 = 5*a - 246, -2*a + 150 = 4*h. What is the highest common divisor of a and 24?
3
Let o = 7751 + -7700. What is the highest common divisor of o and 75?
3
Let n be (0 - 411)/((-80)/96) + 2/(-10). Calculate the greatest common factor of n and 203.
29
Let m(l) = -l**2 + 72*l + 1172. Let t be m(85). Calculate the highest common factor of 28073 and t.
67
Let a(u) = 8*u**3 + u**2 + u + 2. Let f be a(-1). Let k be (-1 + 5)/((48/(-380))/f). Calculate the greatest common divisor of 76 and k.
38
Let n(k) = -200*k**3 + 8*k**2 - 2*k - 26. Let m be n(-3). What is the greatest common factor of 47 and m?
47
Let r = -33 + 51. Let s(p) = -22 - 8 - 41*p + 61*p - p**2. Let u be s(r). Calculate the highest common factor of u and 42.
6
Let w = 1 - -91. Suppose -45 = -w*v + 91*v. What is the greatest common divisor of 5 and v?
5
Suppose y - 10*y + 18 = 0. Suppose -4*o - 128 - 106 = -y*m, -4*o = -m + 111. Calculate the highest common divisor of 164 and m.
41
Let a = 83 + -38. Let q = -41 + a. Let i = q + 24. What is the greatest common factor of i and 42?
14
Let h = -103 - 41. Let w be ((h/20)/(-12))/((-2)/(-250)). What is the highest common factor of w and 225?
75
Let x = 13481 + -10608. What is the greatest common factor of x and 507?
169
Suppose 11*q + 53865 = 314*q + 264*q. Suppose -5*t + 21 = -2*v - 0*v, -5*t - 4*v = -33. Calculate the highest common divisor of t and q.
5
Let l be (-68)/(-6) - (9 - (-245)/(-21)). What is the greatest common factor of 7 and l?
7
Let v = -81 + 106. Let w be 2*(-1 + v/10). Suppose -2*n + w = 1. What is the highest common factor of n and 2?
1
Let k = -43 + 68. Suppose 0 = -6*w + 8*w - 70. Suppose 3*z - w = -5*v, -5*v - 2*z + 4*z = -60. Calculate the greatest common factor of v and k.
5
Suppose -3*i - 6 = 0, -7*i + 2*i - 37 = -b. Suppose b*c - 5*c = 1760. Suppose l + 32 = 3*l. What is the greatest common factor of c and l?
16
Suppose -63*u + 64*u - 5*a - 2375 = 0, -u = -4*a - 2379. Calculate the highest common divisor of u and 5.
5
Suppose -42 = -4*v + 3*n + 142, 2*v - 90 = 2*n. Let w = -37 + v. Calculate the highest common factor of w and 60.
12
Suppose -27*l + 29*l - 126 = 0. Suppose -3*m + 381 = -0*m. Let u = m - l. Calculate the greatest common factor of u and 8.
8
Suppose 0 = j - 3*d - 96, 49*d - 46*d = 0. Calculate the greatest common divisor of 6 and j.
6
Let u(n) = 10*n**2 - 108*n - 50. Let a be u(16). What is the highest common factor of 493 and a?
17
Suppose 59 = 2*x - 2*z - 617, 4*x - z = 1349. Suppose -3*w + 311 = -x. Let t be (2/(-1))/((-9)/w). Calculate the highest common factor of 72 and t.
24
Suppose r = -2*r + 3, -o = 5*r - 874. Let d = o - 572. Calculate the greatest common factor of 33 and d.
33
Suppose -2*p + 0*p = 3*g - 328, g - 4*p - 86 = 0. Suppose -5*m - 26 = -t, 5*t - g = 12*m - 11*m. What is the highest common factor of t and 91?
7
Let w be 26/(-8 + (-2484)/(-306)). What is the highest common factor of w and 208?
13
Let p = -7 - -30. Let f(o) = -4*o - 11. Let i be f(-4). Suppose 4*t + 23 = i*t. What is the greatest common factor of t and p?
23
Let f(j) = 2*j - 21. Let y be f(-5). Let p(n) = n**3 + 30*n**2 - 32*n + 28. Let z be p(y). Calculate the greatest common divisor of 472 and z.
59
Suppose -o + 149 = 2*b, -15 = 6*o - 9*o. Calculate the highest common factor of b and 3834.
18
Let k be (53/106)/(2/24). Let u be (3/4)/(2 - 3422/1712). Calculate the greatest common factor of u and k.
6
Suppose 18*a - 14*a + b = 132, 5*a + 5*b = 150. Let g be (5/(-3))/(a/(-4692)). Calculate the highest common divisor of g and 30.
10
Let f(w) = 37*w - 99. Let m(o) = 3*o**2 - 19*o + 33. Let r be m(3). Let y be f(r). What is the greatest common divisor of 1164 and y?
12
Suppose -15*k = -8*k - 168. Let u(g) = -g + 96. Let r be u(k). What is the greatest common factor of 126 and r?
18
Suppose 4*h - 42 = -266. Let f = h - -78. What is the highest common factor of 77 and f?
11
Suppose 13*q - 4*q + 24*q - 603438 = 0. What is the greatest common factor of q and 82?
82
Let p be ((-5)/3)/(60/(-648)). Suppose y - 3*b + p = b, -3*b + 5 = -5*y. Calculate the highest common divisor of y and 16.
2
Let y = 10 - -40. Suppose -150 = y*k - 52*k. What is the highest common divisor of k and 75?
75
Let n = 18819 + -18471. Calculate the greatest common divisor of 624 and n.
12
Let l(p) = 11*p - 10. Suppose 0 = 41*y - 37*y - 20. Let o be l(y). What is the highest common divisor of o and 75?
15
Let g = -452 + 683. Calculate the greatest common divisor of 35 and g.
7
Suppose 5*k - 96 = -3*l, -l + 22 = k + l. Let x be (-22 - -31)*48/9. What is the highest common factor of x and k?
6
Let g(l) = -130*l - 2190. Let v be g(-19). Calculate the highest common factor of 266 and v.
14
Let b = -595 + 1369. Calculate the greatest common divisor of b and 172.
86
Let g(w) = -31*w**2 + w + 3. Let t be g(4). Let o = -474 - t. What is the greatest common factor of 405 and o?
15
Let k = -854 - -935. Let t = 24 - 15. Calculate the highest common factor of k and t.
9
Let j(s) = -s**2 - 7*s - 4. Let m be j(-6). Suppose m*k + 2 = 0, 2*t = 4*k + 36 + 6. Let p = 377 + -168. Calculate the highest common divisor of p and t.
19
Suppose -7*y + 23*y - 1265 = -39*y. What is the highest common divisor of 5497 and y?
23
Let z be (4*675/(-400))/(2*1/(-40)). What is the highest common factor of z and 261?
9
Suppose 159*b = 40293 + 122558 + 10300. What is the highest common divisor of b and 207?
9
Suppose -4*w + 330 = 322, -5*w - 165 = -r. Suppose 0 = -4*m, 5*m = -2*d - 0*m + 140. What is the highest common factor of r and d?
35
Suppose c - 10 = -4*o, 0 = 3*c - 4*c + 2. Suppose o*f - 5*s - 36 = -2*f, 5*f - 2*s - 45 = 0. Calculate the highest common factor of 45 and f.
9
Suppose 3 = u - 2. Let o be (0 + 2)/(u/140). Suppose 0 = 88*z - 84*z - 6*m - 104, -4*z = 2*m - 40. Calculate the highest common divisor of o and z.
14
Let z = 867 - 547. Let w = 10884 + -10864. Calculate the greatest common divisor of w and z.
20
Let j = -41399 + 41446. Suppose 2*o - 4 = -0*o, -a + 372 = -2*o. Calculate the greatest common factor of j and a.
47
Let n = -20 + 26. Suppose -58*h + 56*h + 48 = 0. What is the highest common divisor of n and h?
6
Let s(i) = 1398*i - 2337. Let t be s(2). Calculate the greatest common factor of t and 6120.
153
Let y be (1 + (-2)/1)*-36. Let w = 596 + -574. Suppose -w*r + 1695 = -285. What is the greatest common divisor of y and r?
18
Suppose -13*w + 3*y + 68 = -12*w, -3*w + 164 = y. Suppose 2*z - 100 = -0*z + 4*a, 4*a = z - w. Calculate the greatest common divisor of 220 and z.
44
Let g(m) = -35*m + 4. Let n be g(-5). Suppose -2*z + n = k, k - 362 = -k - 5*z. Calculate the highest common divisor of 9 and k.
9
Let i = -708 + 1065. Let n(v) = 36*v - 1056. Let w be n(35). Calculate the highest common divisor of i and w.
51
Let k be (15/2)/(1/24). Suppose -411*z + 394*z + 787 = 22. What is the greatest common factor of k and z?
45
Let w be (2079/44*10/(-2))/((-2)/8). Calculate the greatest common factor of 735 and w.
105
Let l(o) = -106*o - 21. Let u be l(-7). Let p = u + -385. Calculate the highest common divisor of 252 and p.
84
Let z be (-80)/60*1/((-4)/1290). Suppose 35*u = z + 200. What is the greatest common factor of 279 and u?
9
Suppose -3*s - s + 44 = 0. Let v = -1290 - -1499. What is the highest common factor of s and v?
11
Let p(q) = -9*q + 175. Suppose 5*f + 3*y = 91, 3*y + 57 = 3*f + 6*y. Let g be p(f). Calculate the highest common divisor of 10 and g.
2
Suppose -4*o + 4*q + 48 = 0, 0*o = -4*o - 2*q + 48. Suppose 3*f - f = -172. Let x be 4*1 - (6 + f). Calculate the greatest common factor of o and x.
12
Suppose 3*u + 2*j - 966 = 0, 5*u + 53*j - 1610 = 52*j. What is the greatest common factor of 42 and u?
14
Let k = -444 + 453. Let s be -1 + (6 - 9) + k. C